61 = -w. Is w a prime number?
False
Let b = -1 - -4. Is -2 - (-76 + -2 - b) a composite number?
False
Suppose -c + 6910 = 9*c. Is c a prime number?
True
Let j(v) = 7*v + 4. Let z be j(-4). Let x = 103 + z. Suppose 0 = 3*f + 3*y - 33, 2*f - y - x = -3*f. Is f prime?
False
Let b(z) be the first derivative of -29*z**4 + z**3/3 - z + 2. Let x be b(-1). Let p = -21 + x. Is p a composite number?
True
Let m = -15 - -61. Is m prime?
False
Let i = 460 - 165. Suppose -2*m - i = -27. Let c = 211 + m. Is c prime?
False
Let w(h) = -5*h**2 + 3*h - 2. Let x(l) = l**2 - 2*l + 2. Let d be x(3). Let n be w(d). Let c = n + 161. Is c a composite number?
True
Let p = 333 - -2170. Is p prime?
True
Suppose -4*n + 171 = 11. Let a = n + 45. Is a a prime number?
False
Let d(u) = -6*u + 1. Let l = 22 + -8. Let j be (-38)/l - 4/14. Is d(j) prime?
True
Let q(o) = -2*o. Let v be q(-2). Suppose 3 = -3*m, -882 = -4*d - v*m + 2*m. Is d a composite number?
True
Suppose 10314 = -7*i + 27443. Is i composite?
False
Suppose -2*n + 420 + 1334 = 0. Is n composite?
False
Let r(g) be the first derivative of -3*g**4/4 - g**2 - 1. Let t be r(2). Let i = 47 + t. Is i a prime number?
True
Let j(o) = -o**2 + 5*o + 8. Suppose 0*l - 2*l + b + 7 = 0, -3*b - 9 = -4*l. Let i be j(l). Is 15*i - 1*-1 composite?
False
Is 18/63 + 2259/7 composite?
True
Let h(n) = -n**3 - 3*n**2 - 9. Is h(-7) a composite number?
True
Let i = -5 + 3. Is 120 + (1 - (0 - i)) a composite number?
True
Let k = 56 + 2. Is k composite?
True
Let u = 199 + 507. Is u a composite number?
True
Suppose 0 = 4*m - 5*y - 1935, -m - m = y - 971. Is m a prime number?
False
Let g(c) = c**2. Let b = -9 + 4. Let f be g(b). Suppose f = 5*d, -2*y - d = 2*y - 193. Is y composite?
False
Let w(m) = 4*m**2 + 21*m - 2. Is w(17) a prime number?
True
Suppose -2*j - 4*p + 23782 = 0, 2*j + 0*p = -2*p + 23776. Is j a prime number?
False
Let n(m) be the second derivative of 17*m**4/12 + m**3/2 + m**2/2 + 2*m. Let j be n(-2). Suppose 2*x - j - 3 = 0. Is x composite?
True
Suppose 2*s - 46 = -0*s. Suppose 79 = 2*f + s. Let b = 51 + f. Is b composite?
False
Let l(a) = 2 - 3*a - 10*a + 2. Is l(-3) a composite number?
False
Let s = 359 + 169. Suppose -s = -4*f - 212. Is f a prime number?
True
Let v = -9 + 26. Suppose -v = 3*u - 110. Is u prime?
True
Is 3325/30 + 1 + 5/(-6) prime?
False
Suppose -4*g + 62 = -62. Is g a composite number?
False
Let i be 1*(2 + 1331)/(-1). Let y = 1920 + i. Is y a prime number?
True
Let g(y) = -y**3 + 2*y - 1. Let r be g(-6). Let z(v) = 28*v - 4. Let f be z(5). Let c = r - f. Is c a composite number?
False
Let j = -110 + 76. Let p = j + 59. Is p a composite number?
True
Is (-303)/((18/4)/(-3)) prime?
False
Let c = -226 + 371. Is c composite?
True
Let h(j) = j - 2. Let g be h(-2). Suppose 3*a + 2*i = 2*a - 2, 5*i - 7 = -4*a. Is (-2)/g + 1300/a a composite number?
False
Let l be (2 + 1)*1/1. Suppose -3*v = 5 + 7, -10 = -l*b + v. Suppose -8 = -b*r, j - r + 176 = 5*j. Is j prime?
True
Let h be (7 + 1*-2)*1. Let r = 6 - h. Suppose 19 = 3*t + r. Is t prime?
False
Suppose -2*g = 3*v - 3*g - 576, 5*v - 958 = g. Is v prime?
True
Let l(m) = -2*m - 8. Let b be l(-7). Is (44/b)/(6/63) a composite number?
True
Let s be 1 + (4 - 0 - 0). Suppose 4*p - 5*r - 194 = 0, -s*p + 6*r - r = -245. Is p composite?
True
Let z(y) = -4*y**3 - 7*y**2 + y + 5. Let h(c) = -5*c**3 - 8*c**2 + c + 5. Let i(g) = -5*h(g) + 6*z(g). Is i(6) a prime number?
False
Let v be (0/3)/2 + -4. Let s be 1*-47*(v - -3). Suppose t + 0*t - s = 0. Is t a composite number?
False
Let h(y) = y**3 + 4*y**2 - 11*y - 5. Let c be h(8). Suppose 3*n - c = -114. Is n prime?
False
Suppose -2*x - 12 = 16. Is 4/x - 1586/(-14) a composite number?
False
Let q be (3/(-4))/(2/6064). Is (q/(-15))/((-4)/(-10)) prime?
True
Suppose 0 = -5*a + 4*a - 183. Let h = a - -267. Suppose 7*c - h = 3*c. Is c prime?
False
Suppose -106 = 6*t - 5*t. Let m = 2 + 0. Is m + t/(-3 + 1) a prime number?
False
Let f(y) be the third derivative of y**5/60 - y**4/8 - y**3/2 + y**2. Suppose -i = -6*i + 30. Is f(i) a composite number?
True
Let l = 32 - 28. Suppose -f = 4*f - 2*u - 23, 5*u = 4*f - 15. Suppose -4*q + 5*q + f*r - 137 = 0, -8 = -l*r. Is q a composite number?
False
Suppose -2*u + 3495 = c - 18609, -11049 = -u - 2*c. Is u a composite number?
True
Let h(o) = -o**2 - 6*o - 2. Let k = -4 - 2. Let p be h(k). Is 2*((-3)/p + 2) composite?
False
Suppose 2*l - 3*s = 81, 4*l - s + 2*s - 197 = 0. Let o = l + -6. Let r = o + -19. Is r a prime number?
True
Let x = 41 + -93. Let v be x/(-6) - 4/6. Is 21/12 - (-2)/v a composite number?
False
Suppose 3*a + 1 = 7. Suppose -2*v + 5*t + 133 = 0, a*t - 89 = -v - 0*t. Is v a prime number?
True
Suppose 6*y - 39 - 1503 = 0. Is y prime?
True
Let l = -4115 + 7224. Is l a composite number?
False
Let v(y) = y**2 - 10*y + 12. Let p be v(9). Suppose -3*q + 10 = h, h - p*q + 2 = -0*h. Is h composite?
True
Let q(r) = 57*r - 1. Let g be q(3). Let t be (-3 + -1)*(-1)/(-2). Is (g/(-4))/(1/t) a composite number?
True
Let s = 672 - 265. Is s prime?
False
Let i(g) = 4 - 2 + 17*g - 16*g. Let o be i(2). Suppose o*b = -b + 415. Is b a prime number?
True
Let c = 23 + -46. Let r = c + 196. Suppose 0 = -2*n + r - 3. Is n prime?
False
Let x(y) = -224*y**3 + 3*y + 2. Is x(-1) a prime number?
True
Let a = -1982 + 3453. Is a a composite number?
False
Let k(h) = -3*h + 2*h + 6*h**2 + 2 - h. Let o be 8/(-6)*21/(-14). Is k(o) a composite number?
True
Let r be (3 - (-138 - 1))/(-2). Is 1/(-5) - r/5 composite?
True
Let o(i) = -348*i**3 - i**2 + 3*i - 1. Is o(-2) prime?
False
Let y(w) = -9*w - 10. Suppose 0 = -3*v - 5*c - 21, -4*c = -6*c. Is y(v) a prime number?
True
Let g(k) = -k**2 - 3*k + 1. Suppose 3*n + n = -16. Let c be g(n). Is 65 - 1 - 9/c prime?
True
Is (1/2)/((-2)/(-3148)) a composite number?
False
Let p be (4/(-4) + 1)/2. Suppose 2*g + 2 = p, 0 = 5*l + g + 2*g - 112. Is l prime?
True
Let a be (0 + (-2)/(-3))*156. Suppose h = -4*r + 575, 2*r = 2*h + 196 + a. Is r composite?
True
Let h = 1 - -1. Is 128 - (h - (3 - 2)) a prime number?
True
Let t(m) = -m**2 - m + 1399. Is t(0) composite?
False
Let n = 550 + -244. Is 3/6 + n/4 a prime number?
False
Let z(i) = 4*i**2 + 13*i + 4. Is z(-9) composite?
False
Let b be 2/(2 + -1 - -1). Let a be (2 - b)/(1/(-3)). Is (-43)/(-3) - (-1)/a prime?
False
Suppose 0 = -2*o + 8. Let k be ((-15)/10)/(3/o). Is ((-14)/2)/(1/k) a prime number?
False
Let j = 506 - 336. Let k be j/8 - (-8)/(-32). Suppose -2*v + 53 = -k. Is v a composite number?
False
Let l = -141 - -7. Suppose 2*p + 13 + 7 = -4*o, p - 3*o = 5. Is (l/p)/((-2)/(-4)) a composite number?
False
Suppose 5*t + 20 = t. Let c(m) = 2*m**2 + 7*m + 4. Is c(t) a composite number?
False
Suppose v = -4*v + 3685. Is v prime?
False
Let t be 48*(0 - -2)/4. Suppose -c = 3*c - t. Suppose 0 = -c*y + 4*y + 74. Is y prime?
True
Suppose 4*w = 5*v - 41, -6*w + 4*w = v + 3. Let r(d) = 3*d**2 - 4*d - 6. Is r(w) composite?
True
Suppose 2*v = -4*b + 48, 0 = 2*b - b + 4*v - 26. Let y(f) = 24*f + 13. Is y(b) a prime number?
False
Is (6/(-5))/((-34)/3145) prime?
False
Let b = 139 - 86. Is b composite?
False
Let l(k) = 10*k - 3. Suppose 4*t + 12 = -4*b, -4*b + 2*b = -t + 6. Let p be 3 + b - -5 - -2. Is l(p) prime?
True
Let z(c) = -10*c - 6. Let s = -4 + 0. Let y be z(s). Suppose 2*i = 2*v + 28, 0*i + 3*i = v + y. Is i composite?
True
Suppose 3*h + 18 = -x, -2*x + 7*x - 3*h = -162. Let n = x - -15. Is n/(-2) - 2/4 a composite number?
False
Let k(u) = -46*u**3 - u**2 + 3*u + 1. Is k(-2) a composite number?
False
Let d(w) = 9*w - 2. Suppose -1 - 9 = -2*h. Is d(h) a prime number?
True
Let x be ((-183)/(-6)*6)/1. Let s be x/((-2)/(-2)*-1). Let o = -101 - s. Is o composite?
True
Let l = 4 - -8. Suppose -4*k + 3*o - 14 = -0*o, -3*o = 6. Let t = l + k. Is t composite?
False
Suppose -4*v + 2*w - w = -56, 5*v = 5*w + 85. Is v prime?
True
Let g(c) = 6*c**2 - 2*c + c + 6*c - 13. Is g(6) prime?
True
Let z = 15 - 21. Let o be (-1 + 0)/(2/z). Suppose k = 4*g + 6, -6 = -k + o*g - 0*g. Is k prime?
False
Let v(s) = 10 + 7*s - 6*s - 2 + 8*s. Is v(9) a prime number?
True
Let q(f) = -144*f**3 + f. Is q(-1) prime?
False
Suppose -3*a + 2*x + 2 = -4*a, 0 = x + 5. Is a/(-36) + 418/18 prime?
True
Is -1*((-12)/(-28) + 132536/(-28)) a composite number?
False
Is 2 - (-8